37, 2953, 10529
What are the prime factors of 4520490495?
3, 5, 23, 13102871
List the prime factors of 51749900.
2, 5, 517499
List the prime factors of 8990415.
3, 5, 7, 28541
List the prime factors of 2188621956.
2, 3, 17, 10728539
List the prime factors of 202203006.
2, 3, 33700501
What are the prime factors of 3968004231?
3, 41, 59, 182261
List the prime factors of 3983790898.
2, 53, 37582933
What are the prime factors of 671094190?
2, 5, 13, 1187, 4349
What are the prime factors of 319215390?
2, 3, 5, 13, 19, 23, 1873
What are the prime factors of 6088936151?
47, 857, 151169
List the prime factors of 3404278656.
2, 3, 2955103
What are the prime factors of 208925689?
7, 521, 57287
What are the prime factors of 49865290?
2, 5, 4986529
What are the prime factors of 1265438604?
2, 3, 2029, 51973
What are the prime factors of 30062379?
3, 10020793
List the prime factors of 1127910949.
11, 29, 3535771
List the prime factors of 594482045.
5, 137, 867857
List the prime factors of 77970573.
3, 2887799
What are the prime factors of 51292534?
2, 1373, 18679
List the prime factors of 338285490.
2, 3, 5, 11276183
List the prime factors of 550749452.
2, 11, 12517033
What are the prime factors of 2297264449?
23, 47, 293, 7253
List the prime factors of 301688639.
7, 37, 166403
List the prime factors of 937203949.
11, 8819, 9661
What are the prime factors of 839149580?
2, 5, 17, 109, 22643
List the prime factors of 1639611380.
2, 5, 11, 2719, 2741
List the prime factors of 219415265.
5, 1531, 28663
What are the prime factors of 47793372?
2, 3, 11, 41, 8831
What are the prime factors of 4454162766?
2, 3, 5237, 47251
List the prime factors of 650850847.
650850847
What are the prime factors of 369442222?
2, 149, 1239739
What are the prime factors of 172280467?
19, 9067393
What are the prime factors of 453529038?
2, 3, 47, 1608259
List the prime factors of 4904666.
2, 13, 41, 43, 107
What are the prime factors of 389127375?
3, 5, 7, 13, 181
List the prime factors of 623647121.
2137, 291833
What are the prime factors of 48109350?
2, 3, 5, 67, 4787
What are the prime factors of 633982088?
2, 17, 277, 16829
List the prime factors of 294163798.
2, 147081899
List the prime factors of 40350012.
2, 3, 911, 3691
List the prime factors of 501947607.
3, 7, 23, 1039229
What are the prime factors of 74186470?
2, 5, 17, 181, 2411
What are the prime factors of 1019726676?
2, 3, 227, 124783
List the prime factors of 595031881.
61, 9754621
What are the prime factors of 30591374?
2, 11, 1390517
List the prime factors of 267848382.
2, 3, 1447, 30851
What are the prime factors of 2284963608?
2, 3, 17, 1123, 4987
What are the prime factors of 40966885?
5, 2347, 3491
List the prime factors of 151849744.
2, 1091, 8699
What are the prime factors of 49772943?
3, 11, 23, 21859
What are the prime factors of 2032581462?
2, 3, 2069, 163733
List the prime factors of 5480635867.
7, 109, 593, 12113
List the prime factors of 7884184.
2, 7, 11, 12799
What are the prime factors of 175452837?
3, 7, 8354897
List the prime factors of 68581323.
3, 83, 101
List the prime factors of 44410725.
3, 5, 197381
What are the prime factors of 13626791?
937, 14543
What are the prime factors of 1213409658?
2, 3, 202234943
What are the prime factors of 1091267391?
3, 67, 5429191
List the prime factors of 51438066.
2, 3, 37, 263, 881
List the prime factors of 642999507.
3, 214333169
List the prime factors of 99186074.
2, 13, 23, 47, 3529
List the prime factors of 487489096.
2, 60936137
What are the prime factors of 1848414574?
2, 924207287
What are the prime factors of 126090947?
7549, 16703
What are the prime factors of 46375770?
2, 3, 5, 7, 19, 59, 197
What are the prime factors of 123317628?
2, 3, 7, 23, 29, 31, 71
List the prime factors of 208684541.
13, 16052657
What are the prime factors of 561320740?
2, 5, 28066037
List the prime factors of 412480038.
2, 3, 71, 968263
What are the prime factors of 223260491?
1913, 116707
List the prime factors of 242348640.
2, 3, 5, 504893
List the prime factors of 181788047.
7, 43, 603947
What are the prime factors of 306968449?
6959, 44111
List the prime factors of 118684020.
2, 3, 5, 7, 13, 21737
What are the prime factors of 57796465?
5, 11559293
What are the prime factors of 516955745?
5, 6427, 16087
What are the prime factors of 1892415052?
2, 11, 571, 75323
What are the prime factors of 18749424?
2, 3, 167, 2339
List the prime factors of 300810055.
5, 7, 13, 661121
List the prime factors of 183172498.
2, 1153, 79433
List the prime factors of 74397833.
193, 385481
What are the prime factors of 24140978?
2, 79, 152791
What are the prime factors of 71334169?
71334169
What are the prime factors of 280100529?
3, 467, 66643
List the prime factors of 6298562.
2, 101, 31181
List the prime factors of 51794925.
3, 5, 7, 13, 7589
List the prime factors of 3929221552.
2, 41, 5989667
What are the prime factors of 1843043?
31, 59453
List the prime factors of 186641794.
2, 47, 1985551
What are the prime factors of 35634330?
2, 3, 5, 29, 37, 41
List the prime factors of 347690584.
2, 47, 924709
List the prime factors of 120790780.
2, 5, 11, 17, 32297
List the prime factors of 301075190.
2, 5, 13, 178151
What are the prime factors of 47905684?
2, 463, 25867
What are the prime factors of 84251061?
3, 29, 43, 7507
What are the prime factors of 1193627541?
3, 7577, 52511
List the prime factors of 200834270.
2, 5, 7, 13, 83, 2659
What are the prime factors of 549390326?
2, 17, 29, 193, 2887
What are the prime factors of 1102818844?
2, 29, 2287, 4157
List the prime factors of 47486911.
47486911
List the prime factors of 1245440941.
1245440941
List the prime factors of 2746622390.
2, 5, 41, 173, 38723
List the prime factors of 1711804473.
3, 190200497
What are the prime factors of 36715530?
2, 3, 5, 353, 3467
What are the prime factors of 1056862018?
2, 17, 1828481
List the prime factors of 6389026.
2, 7, 43, 10613
List the prime factors of 646905632.
2, 37, 546373
List the prime factors of 168258234.
2, 3, 131, 214069
What are the prime factors of 2050627615?
5, 410125523
List the prime factors of 180661282.
2, 991, 91151
List the prime factors of 147399149.
147399149
What are the prime factors of 160301183?
7, 29, 353, 2237
What are the prime factors of 979978719?
3, 17, 1553, 12373
What are the prime factors of 130427371?
1399, 93229
What are the prime factors of 30878073?
3, 3430897
List the prime factors of 83705545.
5, 7, 11, 19, 11443
What are the prime factors of 88313098?
2, 41, 89, 12101
What are the prime factors of 59231881?
59231881
List the prime factors of 40928597.
40928597
What are the prime factors of 35346264?
2, 3, 17, 41, 2113
What are the prime factors of 173131649?
23, 293, 1117
List the prime factors of 202651573.
103, 191, 10301
List the prime factors of 1056122994.
2, 3, 17, 47, 220301
What are the prime factors of 213280011?
3, 7, 17, 97, 2053
What are the prime factors of 2213010203?
2213010203
List the prime factors of 37749037.
47, 803171
List the prime factors of 1991304239.
1991304239
List the prime factors of 31186691.
41, 67, 11353
What are the prime factors of 1665210348?
2, 3, 79, 585517
What are the prime factors of 596037921?
3, 37, 43, 151, 827
List the prime factors of 33618952.
2, 4202369
What are the prime factors of 62743248?
2, 3, 48413
What are the prime factors of 1510605831?
3, 7, 3967, 18133
What are the prime factors of 41914272?
2, 3, 436607
List the prime factors of 158146124.
2, 421, 93911
List the prime factors of 941178009.
3, 23, 13640261
What are the prime factors of 449655302?
2, 37, 107, 109, 521
What are the prime factors of 1417072386?
2, 3, 71, 877, 3793
List the prime factors of 1726206324.
2, 3, 29, 171047
What are the prime factors of 413485312?
2, 1615177
What are the prime factors of 4099846?
2, 29, 70687
What are the prime factors of 241156202?
2, 7, 149, 193, 599
What are the prime factors of 810039232?
2, 2917, 4339
List the prime factors of 596640429.
3, 7, 11, 37, 23269
What are the prime factors of 53096898?
2, 3, 8849483
What are the prime factors of 301662300?
2, 3, 5, 1005541
What are the prime factors of 1816484281?
29, 577, 108557
What are the prime factors of 194573142?
2, 3, 10809619
List the prime facto